/(-35) - (-1)/(-7)?
0
What is the remainder when 102 is divided by (-380)/(-15) - (-10)/15?
24
Let t(a) = -4*a - 1. Let d(r) = r**2 - 14*r - 22. Calculate the remainder when d(16) is divided by t(-1).
1
Let w = -101 + 110. Suppose 3 - 1 = -2*y, -2*f = -5*y - 17. Calculate the remainder when w is divided by f.
3
Let o = 133 + -94. What is the remainder when 2/8 - o/(-4) is divided by -1 - -1 - (-1 + -5)?
4
Suppose 0 = -3*w + 21*w - 216. What is the remainder when 45 is divided by w?
9
Let g(r) = 2*r**2 + 9*r + 6. What is the remainder when 31 is divided by g(-5)?
9
Let y = 17 + -4. Let s(f) = 3*f**2 - 5*f - 3. Suppose h - 6 = -2. Calculate the remainder when s(h) is divided by y.
12
Let t = 21 + -8. Suppose -5*u + 37 = -t. Suppose -10 = 2*q, -5*q = 4*o - o + 7. Calculate the remainder when u is divided by o.
4
Suppose 0 = 2*k + 3*p - 202, -2*p + 516 = 6*k - k. Let h = k + -28. Suppose 24 = 5*t - h. Calculate the remainder when t is divided by 7.
6
Let v(z) = z**2 + 8*z + 6. Let i be v(-8). Suppose i*d - 11*d + 255 = 0. What is the remainder when d is divided by 13?
12
Suppose 4*x = -5*s + x + 16, 5*s - 3*x = 34. Suppose 228 = -4*v - 5*b, s*v = 4*v - 3*b - 64. Let n = v + 104. What is the remainder when n is divided by 18?
16
Suppose i = 5*n + 21, 0 = 2*n + 3*n + 10. Calculate the remainder when 20 is divided by i.
9
Let z = 22 - 36. Let k = z - -38. What is the remainder when 69 is divided by k?
21
Let p = 76 + -16. Suppose -45 = -5*c + p. What is the remainder when 81 is divided by c?
18
Let x = 14 - 11. Suppose -x*o = -0*o - 18. What is the remainder when 22 is divided by o?
4
Suppose -5*t + 80 = -t. Let s be ((-1)/(-2))/(3/72). Suppose 0 = 5*z - 23 - s. Calculate the remainder when t is divided by z.
6
Let u be ((-6)/(-15))/(2/5). Calculate the remainder when 7 - -1 - 1/u is divided by 2.
1
Let z(b) = -17*b**3 + b**2. Suppose -5*q - 6 = -t - 0*t, -5*q = -2*t + 7. Suppose -2*l = -5*l + 30. Calculate the remainder when z(q) is divided by l.
8
Suppose 4*j - 126 = -34. Let m(i) = -2*i**2 + 3*i**2 + 2*i**2 + 0*i**3 + 4*i - 4 - i**3. Calculate the remainder when j is divided by m(3).
7
Suppose 4*z - 1 + 11 = 2*l, z = l - 10. What is the remainder when 72 is divided by l?
12
Suppose -3*h + 35 = -h + c, 65 = 4*h + c. Calculate the remainder when 28 is divided by h.
13
Let x(t) = -t**3 - t + 14. Let d be x(0). Suppose 8*o - 4*o = j - d, 0 = 3*j - 4*o - 42. What is the remainder when 41 is divided by j?
13
Suppose -9*u = 4*u - 455. Suppose y + 39 = 4*y. Calculate the remainder when u is divided by y.
9
Suppose -d - 9 = 3*g - 2, 3*g = 2*d - 22. What is the remainder when 9 is divided by d?
4
Let y(c) = 3*c**2 - c. Let q be y(-1). Let j = -6 - -8. Suppose -3*l + j*v + 22 = -6, v - 52 = -q*l. Calculate the remainder when 23 is divided by l.
11
Let h(s) = -s**2 + 9*s + 1. Suppose -3*z - z + 12 = 0. Suppose -2*l - 3*m = -44, z*l - 38 - 42 = -m. Calculate the remainder when l is divided by h(7).
13
Let k(i) = -7*i + 1. What is the remainder when 114 is divided by k(-4)?
27
Let j(l) = -5*l**3 - l**2 - l - 1. Calculate the remainder when j(-1) is divided by ((-1)/(-3))/((-4)/(-36)).
1
Let y(h) = -23*h**3 - 3*h**2 - h + 1. Let b(w) = 45*w**3 + 5*w**2 + 2*w - 2. Let j(a) = 4*b(a) + 7*y(a). What is the remainder when 52 is divided by j(1)?
16
Let d = 29 + -3. Suppose 5*a - 3*t = -0*a + 371, 3*t + 67 = a. Calculate the remainder when a is divided by d.
24
Suppose 0 = -i + 4*i - 387. Calculate the remainder when i is divided by 44.
41
Let q(w) = w**2 + 17. What is the remainder when 64 is divided by q(0)?
13
Let a(d) = d**2 - 8*d + 1. Calculate the remainder when a(12) is divided by 17.
15
Let f = -3 + 6. Suppose 0 = -0*v + f*v - 24. What is the remainder when v is divided by -2*1*(-15)/6?
3
Let t = 112 + 18. What is the remainder when t is divided by 33?
31
Let l(s) = -2*s + 17. What is the remainder when 7 is divided by l(7)?
1
Suppose i - 54 = -4*r, i = 4*r + 3*i - 52. What is the remainder when 138 is divided by r?
12
Let h be (-2)/5 + (-579)/15. Let j = 56 + h. What is the remainder when 31 is divided by j?
14
Let k(s) = 6*s**2 + s + 9. What is the remainder when k(-4) is divided by 34?
33
Suppose f = 20 + 18. Calculate the remainder when f is divided by 10.
8
Let r = -120 - -123. What is the remainder when 12 is divided by r?
0
Calculate the remainder when 67 is divided by 20*((-44)/(-16) - 1).
32
Let j = -45 - -87. Suppose -5*s = n - 31, 4*n - 10 = -2*s + j. What is the remainder when 19 is divided by n?
8
Suppose 5*p + 91 = 4*r, 4*r + 27 - 168 = -5*p. Let a = r + -16. Suppose 5*g = 2*j - 81, 2*j - 6*j + 147 = 5*g. What is the remainder when j is divided by a?
12
Suppose 2*l = 4*s + 18, -4*s + 2 = 22. Suppose 0 = -0*u - 3*u + 9. What is the remainder when l + 2 + 3 + 0 is divided by u?
1
Let z(w) = 1 + 8*w**2 + 2*w + 6*w**2 + 0*w**2. Calculate the remainder when 25 is divided by z(-1).
12
Calculate the remainder when 65 is divided by 2/8 - 201/(-12).
14
Suppose -5 = -q - d - 0, -4*q + 4 = -4*d. What is the remainder when 23/q*6/2 is divided by (-5)/30 - 147/(-18)?
7
Let n(d) = -d**3 + 10*d**2 + 12. Calculate the remainder when 69 is divided by n(10).
9
Suppose 24 = -0*d + 2*d. Calculate the remainder when d is divided by 5.
2
Suppose -184 = -11*v + 3*v. What is the remainder when 74 is divided by v?
5
Let f = -2 + 23. Suppose 0 = 3*h - f - 27. Calculate the remainder when 45 is divided by h.
13
Let i(t) = -9*t**3 - t**2 - t + 3. What is the remainder when i(-2) is divided by 25?
23
Suppose r + 0*r = -2*d + 13, -3*d = 3*r - 36. Suppose -4*o - 21 - 11 = 0. Let u = o + 12. Calculate the remainder when r is divided by u.
3
Suppose -3*j + 23 = -19. What is the remainder when 53 is divided by j?
11
Let r(n) = n**2 + 6*n. Let k be r(-6). Suppose k = -y + 3*h - 45, -y - 2*h - 43 = -3*h. Calculate the remainder when (-1)/(-2) + y/(-4) is divided by 4.
3
Let p = -52 + 151. Calculate the remainder when 30 is divided by (2/(-6))/((-3)/p).
8
Suppose -30 = 4*d - 5*d. Let v(c) = -c**3 - 6*c**2 - 5*c + 8. Calculate the remainder when d is divided by v(-5).
6
Let f(v) = -v**3 - 10*v**2 - 8*v + 11. Let w be f(-9). Suppose 2*j + 4*z - 13 = j, 0 = w*j + 3*z - 26. Calculate the remainder when 37 is divided by j.
11
Suppose -2*j + 7*j - 15 = 0. Suppose x + j*x = 48. Calculate the remainder when 46 is divided by x.
10
Let t = -110 + 156. Let l be 9/2 + 2/(-4). Suppose -l*p - t = 3*k - 163, -5*k = -15. Calculate the remainder when p is divided by 14.
13
Let k = 14 - 7. Suppose -3*g = 39 - 12. Let a = g - -28. Calculate the remainder when a is divided by k.
5
Suppose 5*n = -u + 925, 4*n + 2*u - 42 - 698 = 0. What is the remainder when n is divided by 47?
44
Let d = 21 + -7. Calculate the remainder when 95 is divided by d.
11
Let i = -133 + 168. Let c(m) = m**2 + 2*m + 4. What is the remainder when i is divided by c(-5)?
16
Suppose -4*c = -2*b + 12 + 52, 4*b + 5*c = 115. Suppose -3*f = b - 144. Calculate the remainder when f is divided by 20.
18
Suppose 9 = 5*y - 1. Suppose y*z = z + 13. Calculate the remainder when 37 is divided by z.
11
Let d = 47 - 97. Suppose 3*r + 3*n - 500 = -2*r, 0 = r + 2*n - 100. Let c = d + r. What is the remainder when c is divided by 17?
16
Let p(t) = -2*t**3 - 3*t**2 - 4*t - 1. Calculate the remainder when p(-3) is divided by 13.
12
Calculate the remainder when 8 is divided by ((-6)/9)/(7/(-42)).
0
Suppose 42 = 2*l - 5*l. Calculate the remainder when 26 is divided by (-65)/(-7) - (-4)/l.
8
Suppose -p + 3*p - 5*n - 207 = 0, -n + 450 = 5*p. Suppose -a - 2 = 2*m - p, 4*m = -4. What is the remainder when a is divided by 23?
22
What is the remainder when 26 is divided by (-8 + (-4 - -7))*-2?
6
Suppose -6*s + 3*s = 2*w - 60, 5*w - 150 = s. Suppose 20 = 2*c + 2*c - 4*l, 3*c = -5*l + 39. What is the remainder when w is divided by c?
6
Let l = 53 + -42. What is the remainder when 54 is divided by l?
10
Suppose 29 = l - 12. Let n = -55 - -32. Let a = l + n. Calculate the remainder when a is divided by 10.
8
Calculate the remainder when ((-68)/4 + 2)/(-1) is divided by 6.
3
Suppose -3*k + 4 = 4*o - 10, 0 = -2*o - 3*k + 10. Let m = 7 - o. Let f(x) = 2*x**3 - 8*x**2 + 4*x - 6. What is the remainder when f(m) is divided by 22?
20
Suppose -5*d = -4*v, 14 = d + 5*